et u(d) be the second derivative of 7/12*d**4 + 0 - 5/6*d**3 - d - 1/20*d**5 + 4*d**2. What is the units digit of u(6)?
4
Suppose 4*j - 5*j - 5*l = 14, -3*j - 5*l - 2 = 0. What is the tens digit of (-4)/j - 177/(-9)?
1
Suppose 0 = 7*v - 351 - 265. What is the units digit of v?
8
Let l(z) = z - 5. Let b be l(5). Suppose -3*c + b - 6 = 0. Let w = 5 + c. What is the units digit of w?
3
Suppose 2 = -5*i + 82. Let d = i + -2. Suppose 5*z - d = -3*k - 1, -4*z = 3*k - 11. What is the units digit of z?
2
What is the tens digit of (9/(-6))/(6/(-324))?
8
Suppose 9 = 3*b - 48. Let s = b + -27. Let m = -6 - s. What is the units digit of m?
2
Suppose -5*l + 194 = -5*h + 4, 0 = 3*h + l + 130. Let c = 10 - h. What is the units digit of c?
2
Let j be (-2 - -1)/(4/(-20)). Let b be (-2)/(-2)*(j + 0). Suppose c = 4*u - 8, 0*c + 3*c + b*u - 27 = 0. What is the units digit of c?
4
Suppose -8 = -3*s + 4. Let m(a) = -3*a + 5. Let i be m(s). Let t = 13 + i. What is the units digit of t?
6
Let u be 6*2*2/4*-1. Let z(k) = -3*k + 3. Let l(d) = 15*d - 16. Let o(f) = 2*l(f) + 11*z(f). What is the tens digit of o(u)?
1
Let j be 4 - (2 - 0 - 1). Suppose o = j*m, -2*o - m = -5*m. Suppose o = -3*y + 4*f - 6, 5*f - 1 = -3*y + 20. What is the units digit of y?
2
What is the units digit of (-4192)/(-28) + (-4)/(-14)?
0
Suppose -2*s + 39 - 5 = -2*y, -3*s - 2*y = -36. What is the units digit of s?
4
Suppose 0 = -4*i + 2*h + 24, -h + 24 = 3*i + i. Let d(n) = n - 5. Let p be d(i). Suppose 3*m - 13 = -p. What is the units digit of m?
4
Let g = 256 + -51. What is the units digit of g?
5
Let a = 88 - 59. What is the tens digit of a?
2
Let i(o) = 3*o + 2*o - 8*o - 6*o - 3. What is the units digit of i(-2)?
5
Suppose -4 + 84 = 4*u. Suppose -2*q = 4*y - u, -15 = -y - 2*y - 4*q. Let n = y - 3. What is the units digit of n?
2
Let g(o) = o**2 + 3*o - 5. Suppose i + k = -3, -21 = 3*i + 2*k - 5*k. What is the units digit of g(i)?
5
Suppose 0 = -4*g - 0*g - 16, 0 = 5*z + g - 6. Let u = z + -3. What is the units digit of (u + 3)/(4 + -2)?
1
Let h(g) = 5*g - 3. Let u be h(2). Let b(k) = -3 - 5*k + k**3 + u*k**2 - 1 - 12*k**2. What is the units digit of b(6)?
2
Suppose -2*m + 1 + 3 = 0. Let b be m - 2 - 2*-2. What is the units digit of 2*(10/b - -1)?
7
Let c(u) = u - 4. Let i be c(0). Let a be i/(-14) - 855/(-21). Suppose 4*k - 3 - a = 0. What is the tens digit of k?
1
What is the tens digit of (-3 + 21/(-6))*-2?
1
Let v be (-6)/(-2) - (-120)/3. Suppose -5*a = -12 - v. What is the tens digit of a?
1
Let v = -4 - -9. Suppose r - v = 2*s + 6, -2*s + 19 = 5*r. What is the units digit of r?
5
Let p(q) = -q**2 - 10*q - 4. Let l be p(-10). Let x = l + 15. What is the tens digit of x?
1
Let k(x) = 6*x**3 - x**2 + x - 1. Suppose -3*u + 0 = -9. Let m be u + -1 - (-1)/(-1). What is the units digit of k(m)?
5
Let m(c) = -c**3 - 5*c**2 + 2*c + 2. Let l be m(-5). Let v = l - -26. Let p = v + -5. What is the tens digit of p?
1
Let g(b) = 6*b. Let x be g(-2). Let m = x - -24. What is the units digit of m?
2
Let m(k) = 37*k**3 - k**2 + k - 1. Let p be m(1). Let u = p + -23. What is the units digit of u?
3
Let v(z) = -2*z**3 - 3*z - 1. Let x be v(-3). Let i = -33 + x. What is the units digit of i?
9
Suppose 97 = 9*k - 29. What is the units digit of k?
4
Suppose 2*d - 7 = -2*b + 3, -4*b = 3*d - 18. Suppose d*n = -n + 39. What is the units digit of n?
3
Suppose -1192 = -17*p + 100. What is the tens digit of p?
7
Let v(u) = u - 3. Let s be v(8). What is the units digit of (-1 - -2)*35/s?
7
Suppose -2*z + 19 = -2*m + 7, -2*z - 4*m = 0. Suppose 2*g + 2*g = 0. Suppose -2*l + g*l + 10 = z*n, 4*l - 3*n - 9 = 0. What is the units digit of l?
3
Suppose -4*x = -i - 0*i - 79, -5*i = x - 4. Suppose -4*t + 36 = -t. Let c = x - t. What is the units digit of c?
7
Suppose -2*k + 15 = -3*k + 3*l, 3*k + 3*l = 15. Suppose -3*o + k*o - 4*u = -53, 2*o - 20 = 5*u. What is the units digit of o?
5
Let j(y) = 4*y**2 + 3*y + 8. What is the units digit of j(-3)?
5
Let c(o) = o**3 - 8*o**2 + 13*o - 4. What is the units digit of c(6)?
2
What is the units digit of 2349/33 - 8/44?
1
Let z be (-1*3)/(3/(-9)). Let q(r) = -r + 10. Let n be q(z). What is the units digit of (-2 + n - -5) + -1?
3
Let m(l) = l**2 - l + 4. What is the units digit of m(8)?
0
Suppose 3*l - 4*m = 5*l + 14, 5*m = 4*l - 37. Suppose -136 = -y - l*y - 2*g, -5*y = -2*g - 152. What is the tens digit of y?
3
Suppose i = 4*i - 105. What is the tens digit of i?
3
Let i(z) = 6*z - 1. Let u be i(1). Suppose -3*q + 4*j + 75 = 0, -2*q + q = -u*j - 36. Let w = -15 + q. What is the units digit of w?
6
Let q = -1 - -2. Let d(u) = 7*u + 0 + 1 + 8*u. What is the units digit of d(q)?
6
Let t(s) = -16*s + 1. Let z be t(-2). What is the units digit of z/12 + (-4)/(-16)?
3
Suppose 11*x + 735 = 16*x. What is the units digit of x?
7
Let q = 226 + -90. What is the hundreds digit of q?
1
Suppose -q - 6*n + 2*n + 6 = 0, 4*n = -3*q - 14. Let f = 22 + q. What is the tens digit of f?
1
Let d(j) be the third derivative of j**5/30 + j**4/8 - j**2. Let w(v) = -3*v**2 - v - 1. Let z be w(-1). What is the units digit of d(z)?
9
Let s = 26 - 12. Let l = s - 5. Suppose -2*p - g = -l, -3*g - g + 12 = 0. What is the units digit of p?
3
Let w = -177 - -328. What is the units digit of w?
1
Let j(z) = -10 + 3 + 3*z + 1 - 2*z. Let i be j(6). Suppose 4*m - 22 - 46 = i. What is the units digit of m?
7
Let d(m) = -2*m + 4. What is the units digit of d(-6)?
6
Suppose -2*g + 2 = -8. Let y(a) = 7*a**3 - 5*a**2 - a + 7. Let n(t) = -4*t**3 + 2*t**2 + t - 4. Let l(v) = 5*n(v) + 3*y(v). What is the tens digit of l(g)?
1
Let f(j) = j**3 + 7*j**2 - 2*j - 9. Let a be f(-7). Suppose 2*v = a*c + 30, -2*c + 5 = 5*v + 3*c. Suppose 2*r - 5 = v. What is the units digit of r?
5
Let p = 2 - 6. Let m = p - -10. What is the units digit of (-2)/m*(-14 + 2)?
4
Let q = -4 - -7. What is the units digit of (0 - -3) + q*3?
2
Suppose 0 = 5*a - 2*b - 32, -4*b - 13 = -2*a - 3*b. Suppose 2*o - a*o + 36 = 0. What is the units digit of o?
9
Suppose -12 = -4*d, 5*i - 2*d + 164 = 708. What is the hundreds digit of i?
1
Let f be ((-12)/14)/((-3)/21). Suppose 4*v = f*v + 30. What is the units digit of v/((-1)/1*1)?
5
Let w = 5 - 3. Suppose y = -4*s + 22, -12 = -5*y + 4*y - w*s. Suppose 0*m - 10 = -y*m. What is the units digit of m?
5
Let k = 3 - 3. Suppose k = 4*f - 5*c - 30, 4*f + 4*c - 50 = -c. Let s = f - 5. What is the units digit of s?
5
Suppose y + 124 = 4*d, -2*d - 62 = -4*d + 3*y. Let o = -14 + d. What is the units digit of o?
7
Let w(y) = 6*y - 1. What is the tens digit of w(3)?
1
Suppose 4*n + 0*d - 148 = 2*d, -4*d = -n + 51. What is the tens digit of n?
3
Suppose -t - 23 = -5*t - c, 3*t - c - 19 = 0. Let n = t + -5. Let d = 1 + n. What is the units digit of d?
2
Let o(m) = -m - 5. Let l be o(-8). Suppose 3*a - a - 6 = 0, 0 = -3*t + l*a + 18. What is the units digit of t?
9
Suppose 0*l = 3*l - 6, 0 = 2*u + 5*l - 268. Suppose -2*z = 2*h - 72, -u = -3*z - z - h. What is the tens digit of z?
3
Suppose 0 - 30 = -w. Suppose -4*n = -9*n - w. What is the tens digit of 4/n - (-190)/15?
1
Let a = -84 + 28. What is the units digit of (-4)/(-10) - a/10?
6
Let j(m) = -m + 1. Let a be j(1). Let h be 1 + -1 + a/2. Suppose h = 3*p + 1 - 16. What is the units digit of p?
5
Let f = 612 + -338. What is the units digit of f?
4
Suppose 633 = 3*a + 2*q + q, 5*q - 425 = -2*a. What is the units digit of (-5)/20 + a/8?
6
Let l(u) = -u**3 + u**2 + u + 1. Let q(c) = -5 + 4*c**3 + 3*c**2 + 3*c + 2*c**2 + c. Let o(r) = -3*l(r) - q(r). What is the units digit of o(-7)?
2
Suppose -u = 5*o - 130, 5*u + 52 = 2*o - 0*o. What is the tens digit of o?
2
Suppose -150 = -7*h + 4*h - 3*f, 154 = 3*h + f. What is the units digit of h?
2
Let w(n) = 5*n**3 + 3*n**2 - 4*n + 4. Let h(v) = -v**3 + v**2 - v + 1. Let a(m) = -3*h(m) + w(m). What is the units digit of a(1)?
8
What is the units digit of (93/2)/3 - 5/10?
5
Let w be (-2)/7 - (-16)/7. Suppose w = h - 1. What is the units digit of h?
3
Let w(q) = -5*q - 2. What is the units digit of w(-7)?
3
Suppose -d + 12 - 89 = 0. What is the tens digit of (d/(-28))/(2/16)?
2
Suppose -3*t + 2*t = 13. What is the units digit of (-1 + t)*21/(-14)?
1
Suppose -274 = -5*o + 196. Suppose o = 4*y - 5*t - 76, 88 = 2*y - t. What is the units digit 